{"id":1066,"date":"2022-03-07T19:31:20","date_gmt":"2022-03-07T19:31:20","guid":{"rendered":"https:\/\/fashionweek.mx\/fashionforallstyles\/?page_id=1066"},"modified":"2022-03-16T17:19:37","modified_gmt":"2022-03-16T17:19:37","slug":"que-es-smart-fashion","status":"publish","type":"page","link":"https:\/\/fashionweek.mx\/fashionforallstyles\/que-es-smart-fashion\/","title":{"rendered":"\u00bfQU\u00c9 ES SMART FASHION?"},"content":{"rendered":"\t\t<div data-elementor-type=\"wp-page\" data-elementor-id=\"1066\" class=\"elementor elementor-1066\">\n\t\t\t\t\t\t\t\t\t<section class=\"elementor-section elementor-top-section elementor-element elementor-element-21042cf4 elementor-section-full_width elementor-section-height-min-height elementor-section-items-stretch elementor-section-height-default\" data-id=\"21042cf4\" data-element_type=\"section\" id=\"uppage\" data-settings=\"{&quot;background_background&quot;:&quot;classic&quot;}\">\n\t\t\t\t\t\t<div class=\"elementor-container elementor-column-gap-default\">\n\t\t\t\t\t<div class=\"elementor-column elementor-col-50 elementor-top-column elementor-element elementor-element-672a15f6\" data-id=\"672a15f6\" data-element_type=\"column\">\n\t\t\t<div class=\"elementor-widget-wrap elementor-element-populated\">\n\t\t\t\t\t\t\t\t<div class=\"elementor-element elementor-element-6fc23ab5 elementor-widget elementor-widget-spacer\" data-id=\"6fc23ab5\" data-element_type=\"widget\" data-widget_type=\"spacer.default\">\n\t\t\t\t<div class=\"elementor-widget-container\">\n\t\t\t<style>\/*! elementor - v3.6.0 - 21-03-2022 *\/\n.e-container.e-container--row .elementor-spacer-inner{width:var(--spacer-size)}.e-container.e-container--column .elementor-spacer-inner,.elementor-column .elementor-spacer-inner{height:var(--spacer-size)}<\/style>\t\t<div class=\"elementor-spacer\">\n\t\t\t<div class=\"elementor-spacer-inner\"><\/div>\n\t\t<\/div>\n\t\t\t\t<\/div>\n\t\t\t\t<\/div>\n\t\t\t\t\t<\/div>\n\t\t<\/div>\n\t\t\t\t<div class=\"elementor-column elementor-col-50 elementor-top-column elementor-element elementor-element-9948d6e\" data-id=\"9948d6e\" data-element_type=\"column\" data-settings=\"{&quot;background_background&quot;:&quot;classic&quot;}\">\n\t\t\t<div class=\"elementor-widget-wrap elementor-element-populated\">\n\t\t\t\t\t\t\t\t<div class=\"elementor-element elementor-element-a37b8c5 elementor-widget elementor-widget-text-editor\" data-id=\"a37b8c5\" data-element_type=\"widget\" data-widget_type=\"text-editor.default\">\n\t\t\t\t<div class=\"elementor-widget-container\">\n\t\t\t<style>\/*! elementor - v3.6.0 - 21-03-2022 *\/\n.elementor-widget-text-editor.elementor-drop-cap-view-stacked .elementor-drop-cap{background-color:#818a91;color:#fff}.elementor-widget-text-editor.elementor-drop-cap-view-framed .elementor-drop-cap{color:#818a91;border:3px solid;background-color:transparent}.elementor-widget-text-editor:not(.elementor-drop-cap-view-default) .elementor-drop-cap{margin-top:8px}.elementor-widget-text-editor:not(.elementor-drop-cap-view-default) .elementor-drop-cap-letter{width:1em;height:1em}.elementor-widget-text-editor .elementor-drop-cap{float:left;text-align:center;line-height:1;font-size:50px}.elementor-widget-text-editor .elementor-drop-cap-letter{display:inline-block}<\/style>\t\t\t\t\u00bfQU\u00c9 ES <br><span style=\"font-family: Marags\u00e2;\">SMART <br>FASHION?<\/span>\t\t\t\t\t\t<\/div>\n\t\t\t\t<\/div>\n\t\t\t\t<div class=\"elementor-element elementor-element-52fffdcf elementor-widget-divider--view-line elementor-widget elementor-widget-divider\" data-id=\"52fffdcf\" data-element_type=\"widget\" data-widget_type=\"divider.default\">\n\t\t\t\t<div class=\"elementor-widget-container\">\n\t\t\t<style>\/*! elementor - v3.6.0 - 21-03-2022 *\/\n.elementor-widget-divider{--divider-border-style:none;--divider-border-width:1px;--divider-color:#2c2c2c;--divider-icon-size:20px;--divider-element-spacing:10px;--divider-pattern-height:24px;--divider-pattern-size:20px;--divider-pattern-url:none;--divider-pattern-repeat:repeat-x}.elementor-widget-divider .elementor-divider{display:-webkit-box;display:-ms-flexbox;display:flex}.elementor-widget-divider .elementor-divider__text{font-size:15px;line-height:1;max-width:95%}.elementor-widget-divider .elementor-divider__element{margin:0 var(--divider-element-spacing);-ms-flex-negative:0;flex-shrink:0}.elementor-widget-divider .elementor-icon{font-size:var(--divider-icon-size)}.elementor-widget-divider .elementor-divider-separator{display:-webkit-box;display:-ms-flexbox;display:flex;margin:0;direction:ltr}.elementor-widget-divider--view-line_icon .elementor-divider-separator,.elementor-widget-divider--view-line_text .elementor-divider-separator{-webkit-box-align:center;-ms-flex-align:center;align-items:center}.elementor-widget-divider--view-line_icon .elementor-divider-separator:after,.elementor-widget-divider--view-line_icon .elementor-divider-separator:before,.elementor-widget-divider--view-line_text .elementor-divider-separator:after,.elementor-widget-divider--view-line_text .elementor-divider-separator:before{display:block;content:\"\";border-bottom:0;-webkit-box-flex:1;-ms-flex-positive:1;flex-grow:1;border-top:var(--divider-border-width) var(--divider-border-style) var(--divider-color)}.elementor-widget-divider--element-align-left .elementor-divider .elementor-divider-separator>.elementor-divider__svg:first-of-type{-webkit-box-flex:0;-ms-flex-positive:0;flex-grow:0;-ms-flex-negative:100;flex-shrink:100}.elementor-widget-divider--element-align-left .elementor-divider-separator:before{content:none}.elementor-widget-divider--element-align-left .elementor-divider__element{margin-left:0}.elementor-widget-divider--element-align-right .elementor-divider .elementor-divider-separator>.elementor-divider__svg:last-of-type{-webkit-box-flex:0;-ms-flex-positive:0;flex-grow:0;-ms-flex-negative:100;flex-shrink:100}.elementor-widget-divider--element-align-right .elementor-divider-separator:after{content:none}.elementor-widget-divider--element-align-right .elementor-divider__element{margin-right:0}.elementor-widget-divider:not(.elementor-widget-divider--view-line_text):not(.elementor-widget-divider--view-line_icon) .elementor-divider-separator{border-top:var(--divider-border-width) var(--divider-border-style) var(--divider-color)}.elementor-widget-divider--separator-type-pattern{--divider-border-style:none}.elementor-widget-divider--separator-type-pattern.elementor-widget-divider--view-line .elementor-divider-separator,.elementor-widget-divider--separator-type-pattern:not(.elementor-widget-divider--view-line) .elementor-divider-separator:after,.elementor-widget-divider--separator-type-pattern:not(.elementor-widget-divider--view-line) .elementor-divider-separator:before,.elementor-widget-divider--separator-type-pattern:not([class*=elementor-widget-divider--view]) .elementor-divider-separator{width:100%;min-height:var(--divider-pattern-height);-webkit-mask-size:var(--divider-pattern-size) 100%;mask-size:var(--divider-pattern-size) 100%;-webkit-mask-repeat:var(--divider-pattern-repeat);mask-repeat:var(--divider-pattern-repeat);background-color:var(--divider-color);-webkit-mask-image:var(--divider-pattern-url);mask-image:var(--divider-pattern-url)}.elementor-widget-divider--no-spacing{--divider-pattern-size:auto}.elementor-widget-divider--bg-round{--divider-pattern-repeat:round}.rtl .elementor-widget-divider .elementor-divider__text{direction:rtl}<\/style>\t\t<div class=\"elementor-divider\">\n\t\t\t<span class=\"elementor-divider-separator\">\n\t\t\t\t\t\t<\/span>\n\t\t<\/div>\n\t\t\t\t<\/div>\n\t\t\t\t<\/div>\n\t\t\t\t\t<\/div>\n\t\t<\/div>\n\t\t\t\t\t\t\t<\/div>\n\t\t<\/section>\n\t\t\t\t<section class=\"elementor-section elementor-top-section elementor-element elementor-element-a56e5e5 elementor-section-height-full elementor-section-boxed elementor-section-height-default elementor-section-items-middle\" data-id=\"a56e5e5\" data-element_type=\"section\">\n\t\t\t\t\t\t<div class=\"elementor-container elementor-column-gap-default\">\n\t\t\t\t\t<div class=\"elementor-column elementor-col-50 elementor-top-column elementor-element elementor-element-332f3ac\" data-id=\"332f3ac\" data-element_type=\"column\">\n\t\t\t<div class=\"elementor-widget-wrap elementor-element-populated\">\n\t\t\t\t\t\t\t\t<div class=\"elementor-element elementor-element-f12138f elementor-widget elementor-widget-heading\" data-id=\"f12138f\" data-element_type=\"widget\" data-widget_type=\"heading.default\">\n\t\t\t\t<div class=\"elementor-widget-container\">\n\t\t\t<style>\/*! elementor - v3.6.0 - 21-03-2022 *\/\n.elementor-heading-title{padding:0;margin:0;line-height:1}.elementor-widget-heading .elementor-heading-title[class*=elementor-size-]>a{color:inherit;font-size:inherit;line-height:inherit}.elementor-widget-heading .elementor-heading-title.elementor-size-small{font-size:15px}.elementor-widget-heading .elementor-heading-title.elementor-size-medium{font-size:19px}.elementor-widget-heading .elementor-heading-title.elementor-size-large{font-size:29px}.elementor-widget-heading .elementor-heading-title.elementor-size-xl{font-size:39px}.elementor-widget-heading .elementor-heading-title.elementor-size-xxl{font-size:59px}<\/style><h1 class=\"elementor-heading-title elementor-size-default\">Es una nueva forma de hacer moda, mediante la aplicaci\u00f3n de soluciones tecnol\u00f3gicas, innovadoras e inclusivas para lograr una transformaci\u00f3n inteligente. Su meta es conseguir un contenido o producto integral que incluya procesos y objetivos comprometidos con nuevas realidades. <\/h1>\t\t<\/div>\n\t\t\t\t<\/div>\n\t\t\t\t<div class=\"elementor-element elementor-element-a3b7aa8 elementor-widget elementor-widget-heading\" data-id=\"a3b7aa8\" data-element_type=\"widget\" data-widget_type=\"heading.default\">\n\t\t\t\t<div class=\"elementor-widget-container\">\n\t\t\t<h2 class=\"elementor-heading-title elementor-size-default\">\"Smart Fashion es compromiso total\"<\/h2>\t\t<\/div>\n\t\t\t\t<\/div>\n\t\t\t\t\t<\/div>\n\t\t<\/div>\n\t\t\t\t<div class=\"elementor-column elementor-col-50 elementor-top-column elementor-element elementor-element-1b01051\" data-id=\"1b01051\" data-element_type=\"column\">\n\t\t\t<div class=\"elementor-widget-wrap elementor-element-populated\">\n\t\t\t\t\t\t\t\t<div class=\"elementor-element elementor-element-b2d9935 elementor-widget elementor-widget-image\" data-id=\"b2d9935\" data-element_type=\"widget\" data-widget_type=\"image.default\">\n\t\t\t\t<div class=\"elementor-widget-container\">\n\t\t\t<style>\/*! elementor - v3.6.0 - 21-03-2022 *\/\n.elementor-widget-image{text-align:center}.elementor-widget-image a{display:inline-block}.elementor-widget-image a img[src$=\".svg\"]{width:48px}.elementor-widget-image img{vertical-align:middle;display:inline-block}<\/style>\t\t\t\t\t\t\t\t\t\t\t\t<img loading=\"lazy\" decoding=\"async\" width=\"760\" height=\"763\" src=\"https:\/\/fashionweek.mx\/fashionforallstyles\/wp-content\/uploads\/2022\/03\/smart-fashion.png\" class=\"attachment-large size-large\" alt=\"\" srcset=\"https:\/\/fashionweek.mx\/fashionforallstyles\/wp-content\/uploads\/2022\/03\/smart-fashion.png 794w, https:\/\/fashionweek.mx\/fashionforallstyles\/wp-content\/uploads\/2022\/03\/smart-fashion-300x300.png 300w, https:\/\/fashionweek.mx\/fashionforallstyles\/wp-content\/uploads\/2022\/03\/smart-fashion-150x150.png 150w, https:\/\/fashionweek.mx\/fashionforallstyles\/wp-content\/uploads\/2022\/03\/smart-fashion-768x771.png 768w, https:\/\/fashionweek.mx\/fashionforallstyles\/wp-content\/uploads\/2022\/03\/smart-fashion-299x300.png 299w\" sizes=\"auto, (max-width: 760px) 100vw, 760px\" \/>\t\t\t\t\t\t\t\t\t\t\t\t\t\t\t<\/div>\n\t\t\t\t<\/div>\n\t\t\t\t\t<\/div>\n\t\t<\/div>\n\t\t\t\t\t\t\t<\/div>\n\t\t<\/section>\n\t\t\t\t<section class=\"elementor-section elementor-top-section elementor-element elementor-element-d62ce75 elementor-section-full_width elementor-section-height-min-height elementor-section-items-stretch elementor-section-height-default\" data-id=\"d62ce75\" data-element_type=\"section\" data-settings=\"{&quot;background_background&quot;:&quot;classic&quot;}\">\n\t\t\t\t\t\t<div class=\"elementor-container elementor-column-gap-default\">\n\t\t\t\t\t<div class=\"elementor-column elementor-col-100 elementor-top-column elementor-element elementor-element-1c78b48\" data-id=\"1c78b48\" data-element_type=\"column\" data-settings=\"{&quot;background_background&quot;:&quot;classic&quot;}\">\n\t\t\t<div class=\"elementor-widget-wrap elementor-element-populated\">\n\t\t\t\t\t\t\t\t<div class=\"elementor-element elementor-element-dd44462 elementor-widget elementor-widget-heading\" data-id=\"dd44462\" data-element_type=\"widget\" data-widget_type=\"heading.default\">\n\t\t\t\t<div class=\"elementor-widget-container\">\n\t\t\t<h1 class=\"elementor-heading-title elementor-size-default\">\u00bfQU\u00c9 ESPERAS PARA <br> PARTICIPAR?<\/h1>\t\t<\/div>\n\t\t\t\t<\/div>\n\t\t\t\t<div class=\"elementor-element elementor-element-b98598f elementor-widget elementor-widget-heading\" data-id=\"b98598f\" data-element_type=\"widget\" data-widget_type=\"heading.default\">\n\t\t\t\t<div class=\"elementor-widget-container\">\n\t\t\t<h1 class=\"elementor-heading-title elementor-size-default\">Atr\u00e9vete a cumplir tus <br>sue\u00f1os<\/h1>\t\t<\/div>\n\t\t\t\t<\/div>\n\t\t\t\t<div class=\"elementor-element elementor-element-23c59fd elementor-align-right elementor-widget elementor-widget-button\" data-id=\"23c59fd\" data-element_type=\"widget\" data-widget_type=\"button.default\">\n\t\t\t\t<div class=\"elementor-widget-container\">\n\t\t\t\t\t<div class=\"elementor-button-wrapper\">\n\t\t\t<a href=\"https:\/\/fashionweek.mx\/fashionforallstyles\/dinamica\/\" class=\"elementor-button-link elementor-button elementor-size-sm\" role=\"button\">\n\t\t\t\t\t\t<span class=\"elementor-button-content-wrapper\">\n\t\t\t\t\t\t<span class=\"elementor-button-text\">CONOCE M\u00c1S<\/span>\n\t\t<\/span>\n\t\t\t\t\t<\/a>\n\t\t<\/div>\n\t\t\t\t<\/div>\n\t\t\t\t<\/div>\n\t\t\t\t\t<\/div>\n\t\t<\/div>\n\t\t\t\t\t\t\t<\/div>\n\t\t<\/section>\n\t\t\t\t\t\t\t<\/div>\n\t\t","protected":false},"excerpt":{"rendered":"<p>\u00bfQU\u00c9 ES SMART FASHION? Es una nueva forma de hacer moda, mediante la aplicaci\u00f3n de soluciones tecnol\u00f3gicas, innovadoras e inclusivas para lograr una transformaci\u00f3n inteligente. &hellip;<\/p>\n","protected":false},"author":1,"featured_media":0,"parent":0,"menu_order":0,"comment_status":"closed","ping_status":"closed","template":"elementor_header_footer","meta":{"footnotes":""},"class_list":["post-1066","page","type-page","status-publish","hentry"],"yoast_head":"<!-- This site is optimized with the Yoast SEO plugin v18.4.1 - https:\/\/yoast.com\/wordpress\/plugins\/seo\/ -->\n<title>\u00bfQU\u00c9 ES SMART FASHION? - Fashion for all styles<\/title>\n<meta name=\"robots\" content=\"index, follow, max-snippet:-1, max-image-preview:large, max-video-preview:-1\" \/>\n<link rel=\"canonical\" href=\"http:\/\/fashionweek.mx\/fashionforallstyles\/que-es-smart-fashion\/\" \/>\n<meta property=\"og:locale\" content=\"es_ES\" \/>\n<meta property=\"og:type\" content=\"article\" \/>\n<meta property=\"og:title\" content=\"\u00bfQU\u00c9 ES SMART FASHION? - Fashion for all styles\" \/>\n<meta property=\"og:description\" content=\"\u00bfQU\u00c9 ES SMART FASHION? Es una nueva forma de hacer moda, mediante la aplicaci\u00f3n de soluciones tecnol\u00f3gicas, innovadoras e inclusivas para lograr una transformaci\u00f3n inteligente. &hellip;\" \/>\n<meta property=\"og:url\" content=\"http:\/\/fashionweek.mx\/fashionforallstyles\/que-es-smart-fashion\/\" \/>\n<meta property=\"og:site_name\" content=\"Fashion for all styles\" \/>\n<meta property=\"article:modified_time\" content=\"2022-03-16T17:19:37+00:00\" \/>\n<meta property=\"og:image\" content=\"http:\/\/fashionweek.mx\/fashionforallstyles\/wp-content\/uploads\/2022\/03\/smart-fashion.png\" \/>\n<meta name=\"twitter:card\" content=\"summary_large_image\" \/>\n<script type=\"application\/ld+json\" class=\"yoast-schema-graph\">{\"@context\":\"https:\/\/schema.org\",\"@graph\":[{\"@type\":\"Organization\",\"@id\":\"https:\/\/fashionweek.mx\/fashionforallstyles\/#organization\",\"name\":\"Fashion For All Styles\",\"url\":\"https:\/\/fashionweek.mx\/fashionforallstyles\/\",\"sameAs\":[],\"logo\":{\"@type\":\"ImageObject\",\"@id\":\"https:\/\/fashionweek.mx\/fashionforallstyles\/#logo\",\"inLanguage\":\"es\",\"url\":\"https:\/\/fashionweek.mx\/fashionforallstyles\/wp-content\/uploads\/2022\/03\/logowhite.png\",\"contentUrl\":\"https:\/\/fashionweek.mx\/fashionforallstyles\/wp-content\/uploads\/2022\/03\/logowhite.png\",\"width\":1080,\"height\":1080,\"caption\":\"Fashion For All Styles\"},\"image\":{\"@id\":\"https:\/\/fashionweek.mx\/fashionforallstyles\/#logo\"}},{\"@type\":\"WebSite\",\"@id\":\"https:\/\/fashionweek.mx\/fashionforallstyles\/#website\",\"url\":\"https:\/\/fashionweek.mx\/fashionforallstyles\/\",\"name\":\"Fashion for all styles\",\"description\":\"Fashion Week\",\"publisher\":{\"@id\":\"https:\/\/fashionweek.mx\/fashionforallstyles\/#organization\"},\"potentialAction\":[{\"@type\":\"SearchAction\",\"target\":{\"@type\":\"EntryPoint\",\"urlTemplate\":\"https:\/\/fashionweek.mx\/fashionforallstyles\/?s={search_term_string}\"},\"query-input\":\"required name=search_term_string\"}],\"inLanguage\":\"es\"},{\"@type\":\"ImageObject\",\"@id\":\"http:\/\/fashionweek.mx\/fashionforallstyles\/que-es-smart-fashion\/#primaryimage\",\"inLanguage\":\"es\",\"url\":\"https:\/\/fashionweek.mx\/fashionforallstyles\/wp-content\/uploads\/2022\/03\/smart-fashion.png\",\"contentUrl\":\"https:\/\/fashionweek.mx\/fashionforallstyles\/wp-content\/uploads\/2022\/03\/smart-fashion.png\",\"width\":794,\"height\":797},{\"@type\":\"WebPage\",\"@id\":\"http:\/\/fashionweek.mx\/fashionforallstyles\/que-es-smart-fashion\/#webpage\",\"url\":\"http:\/\/fashionweek.mx\/fashionforallstyles\/que-es-smart-fashion\/\",\"name\":\"\u00bfQU\u00c9 ES SMART FASHION? - Fashion for all styles\",\"isPartOf\":{\"@id\":\"https:\/\/fashionweek.mx\/fashionforallstyles\/#website\"},\"primaryImageOfPage\":{\"@id\":\"http:\/\/fashionweek.mx\/fashionforallstyles\/que-es-smart-fashion\/#primaryimage\"},\"datePublished\":\"2022-03-07T19:31:20+00:00\",\"dateModified\":\"2022-03-16T17:19:37+00:00\",\"breadcrumb\":{\"@id\":\"http:\/\/fashionweek.mx\/fashionforallstyles\/que-es-smart-fashion\/#breadcrumb\"},\"inLanguage\":\"es\",\"potentialAction\":[{\"@type\":\"ReadAction\",\"target\":[\"http:\/\/fashionweek.mx\/fashionforallstyles\/que-es-smart-fashion\/\"]}]},{\"@type\":\"BreadcrumbList\",\"@id\":\"http:\/\/fashionweek.mx\/fashionforallstyles\/que-es-smart-fashion\/#breadcrumb\",\"itemListElement\":[{\"@type\":\"ListItem\",\"position\":1,\"name\":\"Portada\",\"item\":\"https:\/\/fashionweek.mx\/fashionforallstyles\/\"},{\"@type\":\"ListItem\",\"position\":2,\"name\":\"\u00bfQU\u00c9 ES SMART FASHION?\"}]}]}<\/script>\n<!-- \/ Yoast SEO plugin. -->","yoast_head_json":{"title":"\u00bfQU\u00c9 ES SMART FASHION? - Fashion for all styles","robots":{"index":"index","follow":"follow","max-snippet":"max-snippet:-1","max-image-preview":"max-image-preview:large","max-video-preview":"max-video-preview:-1"},"canonical":"http:\/\/fashionweek.mx\/fashionforallstyles\/que-es-smart-fashion\/","og_locale":"es_ES","og_type":"article","og_title":"\u00bfQU\u00c9 ES SMART FASHION? - Fashion for all styles","og_description":"\u00bfQU\u00c9 ES SMART FASHION? Es una nueva forma de hacer moda, mediante la aplicaci\u00f3n de soluciones tecnol\u00f3gicas, innovadoras e inclusivas para lograr una transformaci\u00f3n inteligente. &hellip;","og_url":"http:\/\/fashionweek.mx\/fashionforallstyles\/que-es-smart-fashion\/","og_site_name":"Fashion for all styles","article_modified_time":"2022-03-16T17:19:37+00:00","og_image":[{"url":"http:\/\/fashionweek.mx\/fashionforallstyles\/wp-content\/uploads\/2022\/03\/smart-fashion.png"}],"twitter_card":"summary_large_image","schema":{"@context":"https:\/\/schema.org","@graph":[{"@type":"Organization","@id":"https:\/\/fashionweek.mx\/fashionforallstyles\/#organization","name":"Fashion For All Styles","url":"https:\/\/fashionweek.mx\/fashionforallstyles\/","sameAs":[],"logo":{"@type":"ImageObject","@id":"https:\/\/fashionweek.mx\/fashionforallstyles\/#logo","inLanguage":"es","url":"https:\/\/fashionweek.mx\/fashionforallstyles\/wp-content\/uploads\/2022\/03\/logowhite.png","contentUrl":"https:\/\/fashionweek.mx\/fashionforallstyles\/wp-content\/uploads\/2022\/03\/logowhite.png","width":1080,"height":1080,"caption":"Fashion For All Styles"},"image":{"@id":"https:\/\/fashionweek.mx\/fashionforallstyles\/#logo"}},{"@type":"WebSite","@id":"https:\/\/fashionweek.mx\/fashionforallstyles\/#website","url":"https:\/\/fashionweek.mx\/fashionforallstyles\/","name":"Fashion for all styles","description":"Fashion Week","publisher":{"@id":"https:\/\/fashionweek.mx\/fashionforallstyles\/#organization"},"potentialAction":[{"@type":"SearchAction","target":{"@type":"EntryPoint","urlTemplate":"https:\/\/fashionweek.mx\/fashionforallstyles\/?s={search_term_string}"},"query-input":"required name=search_term_string"}],"inLanguage":"es"},{"@type":"ImageObject","@id":"http:\/\/fashionweek.mx\/fashionforallstyles\/que-es-smart-fashion\/#primaryimage","inLanguage":"es","url":"https:\/\/fashionweek.mx\/fashionforallstyles\/wp-content\/uploads\/2022\/03\/smart-fashion.png","contentUrl":"https:\/\/fashionweek.mx\/fashionforallstyles\/wp-content\/uploads\/2022\/03\/smart-fashion.png","width":794,"height":797},{"@type":"WebPage","@id":"http:\/\/fashionweek.mx\/fashionforallstyles\/que-es-smart-fashion\/#webpage","url":"http:\/\/fashionweek.mx\/fashionforallstyles\/que-es-smart-fashion\/","name":"\u00bfQU\u00c9 ES SMART FASHION? - Fashion for all styles","isPartOf":{"@id":"https:\/\/fashionweek.mx\/fashionforallstyles\/#website"},"primaryImageOfPage":{"@id":"http:\/\/fashionweek.mx\/fashionforallstyles\/que-es-smart-fashion\/#primaryimage"},"datePublished":"2022-03-07T19:31:20+00:00","dateModified":"2022-03-16T17:19:37+00:00","breadcrumb":{"@id":"http:\/\/fashionweek.mx\/fashionforallstyles\/que-es-smart-fashion\/#breadcrumb"},"inLanguage":"es","potentialAction":[{"@type":"ReadAction","target":["http:\/\/fashionweek.mx\/fashionforallstyles\/que-es-smart-fashion\/"]}]},{"@type":"BreadcrumbList","@id":"http:\/\/fashionweek.mx\/fashionforallstyles\/que-es-smart-fashion\/#breadcrumb","itemListElement":[{"@type":"ListItem","position":1,"name":"Portada","item":"https:\/\/fashionweek.mx\/fashionforallstyles\/"},{"@type":"ListItem","position":2,"name":"\u00bfQU\u00c9 ES SMART FASHION?"}]}]}},"_links":{"self":[{"href":"https:\/\/fashionweek.mx\/fashionforallstyles\/wp-json\/wp\/v2\/pages\/1066","targetHints":{"allow":["GET"]}}],"collection":[{"href":"https:\/\/fashionweek.mx\/fashionforallstyles\/wp-json\/wp\/v2\/pages"}],"about":[{"href":"https:\/\/fashionweek.mx\/fashionforallstyles\/wp-json\/wp\/v2\/types\/page"}],"author":[{"embeddable":true,"href":"https:\/\/fashionweek.mx\/fashionforallstyles\/wp-json\/wp\/v2\/users\/1"}],"replies":[{"embeddable":true,"href":"https:\/\/fashionweek.mx\/fashionforallstyles\/wp-json\/wp\/v2\/comments?post=1066"}],"version-history":[{"count":152,"href":"https:\/\/fashionweek.mx\/fashionforallstyles\/wp-json\/wp\/v2\/pages\/1066\/revisions"}],"predecessor-version":[{"id":3039,"href":"https:\/\/fashionweek.mx\/fashionforallstyles\/wp-json\/wp\/v2\/pages\/1066\/revisions\/3039"}],"wp:attachment":[{"href":"https:\/\/fashionweek.mx\/fashionforallstyles\/wp-json\/wp\/v2\/media?parent=1066"}],"curies":[{"name":"wp","href":"https:\/\/api.w.org\/{rel}","templated":true}]}}